 + (-107 - 6) - ((2 - 1) + -13)
5
Evaluate (-13 - -17) + (14 - 4 - 20).
-6
What is the value of (35 - 9 - (0 + -1)) + -10?
17
Calculate 30 - (16 - (-21 + 14)).
7
What is 18 + -7 + 10 + -7 + -40?
-26
Evaluate -4 + (6 - (3 - -1)).
-2
Calculate 13 - (-11 - -11 - -14).
-1
Evaluate (9 - 23) + (19 - 7).
-2
(-40 - 0) + (134 - 109)
-15
11 - (-1 + 5) - (0 - -6) - 5
-4
-8 + -2 - ((-8 - 14) + 13)
-1
What is -4 - -1 - (-1 - -2) - (-2 + 14)?
-16
(-5 - -1) + (-24 + 31 - (8 + -2))
-3
What is (-4 - (16 + -7 - 2)) + 12?
1
6 + -2 + 1 + (3 - 13) - -17
12
What is 25 - (26 + (27 - 17 - 25))?
14
Evaluate -10 + 2 + (-9 - (-15 + 5)) + 32.
25
Evaluate (-6 - 0) + 13 + (13 - (5 + 2)).
13
-584 - -564 - (-1 + 5 + (-5 - -3))
-22
Calculate -127 + 126 - (2 + -4).
1
6 + 8 + 7 + -18 + -7
-4
What is the value of (-4 - (0 + -9)) + (-2 - 4) + -2?
-3
Calculate 5 - ((3 - -4) + -13 + 6).
5
What is the value of -16 - (15 + 3 + -23) - (1 - 8)?
-4
Calculate -2 + 4 + 3 + -4 + 8 + -13.
-4
Evaluate 6 - (-4 - -9) - 0.
1
57 + (-21 - -2 - 18)
20
What is (37 - 27 - 51) + 61?
20
0 - (33 - 45 - -17)
-5
(20 - 0 - 45) + 38
13
Evaluate (-2 - -30) + -71 + 40.
-3
Calculate (27 - (-2 - -8)) + -12 + 11.
20
Evaluate -1 + (4 + 5 - 3).
5
Calculate -1 - 6 - -19 - 10 - (-1 + 8).
-5
13 - (21 + -18) - -2
12
Evaluate (-3 - -1) + -2 - (-3 + -6 - -5).
0
Calculate 30 - -3 - (12 - -10).
11
What is the value of 9 - 2 - 9 - 5 - -25 - 7?
11
What is the value of -14 + -1 + (31 - 15) + -30?
-29
4 + 1 - (-12 + 9 + -2 + 10)
0
-1 + 13 - (-13 + 15 + -2)
12
What is the value of 5 - (3 - (-13 - (-5 + 13 + -17)))?
-2
What is (6 + (-13 - -15) - 17) + 16?
7
Evaluate -11 + -2 + -1 + -4 + 11.
-7
Calculate 12 + 5 + -8 + -15 + 1 - -6.
1
What is the value of -1 - (-15 + 0 + (-5 - -13))?
6
What is the value of 7 - -32 - (-146 + 178)?
7
Calculate 14 - ((8 - (9 + -10)) + 5).
0
Evaluate -1 + 1 + -5 - -1 - (-7 - 4).
7
Calculate (19 - -8 - (10 - -3)) + -33.
-19
What is the value of -21 - -31 - (8 - (6 + -3))?
5
(10 - (15 + -4)) + (3 - -2) + 15
19
What is -10 - (-8 + (-6 - -14) + 1)?
-11
What is the value of (16 - -3 - 16) + (5 - -10)?
18
40 + -82 - -38 - (1 - 15)
10
(-2 - -1) + 350 + -382
-33
12 + (-26 - 4) - -8
-10
What is the value of 11 + (11 - (-6 - -29)) - (-2 - 14)?
15
Evaluate (-77 - -28) + 56 - (-1 + (-1 - -9)).
0
Calculate 1 + 15 + -6 + 0.
10
Evaluate (-5 - -5) + -5 + (8 - 10).
-7
Calculate -7 - (15 + -6 + -12).
-4
10 + -15 + (-11 - -16)
0
What is -5 + (-5 - (-6 - (-8 - (-1 - 2))))?
-9
Calculate (-7 + (16 - 3) - (-6 + 1)) + 2.
13
Calculate -8 + 1 - (-14 - -6 - 16).
17
Calculate -2 + (-12 - 2) - (-267 + 257).
-6
Evaluate 0 + (-6 - -2) + (-7 - (3 - 27)).
13
Calculate -37 + 89 + -35 - 19.
-2
What is the value of -14 - (-32 + (-2 + 13 - 8))?
15
4 + -3 + (0 - (1 - -3)) + 12
9
Evaluate (-76 - -59) + (0 - -20).
3
Evaluate -15 - 8 - (-64 + 59).
-18
-26 - (-16 + -12 + -7)
9
-10 - (-1 - 8) - -51 - 19
31
What is the value of 15 + -10 - -16 - 25?
-4
What is the value of 4 + -6 + -8 + (2 - 2)?
-10
What is the value of -6 + (1 - (-2 + -19 + 6 + 3))?
7
What is the value of (-12 - (-10 + 8) - -1) + -6?
-15
-11 + (27 - 9 - (2 - -7))
-2
What is the value of (8 - 1) + 2 - (-10 + 37)?
-18
What is (0 + 1 + 3 - 15) + 3 - 1?
-9
What is the value of -22 + 9 + -19 + 25?
-7
Calculate 10 + -13 - (-9 + -10 + 8).
8
(-13 - 6 - -2) + 12
-5
What is the value of 6 + (-15 - -9) + (-9 - 13)?
-22
Evaluate (19 - (11 + 11)) + -2.
-5
What is the value of (23 + -49 - -18) + 20?
12
(-11 - -6) + 13 + (2 - 2) + 5
13
(42 - 10) + -16 - (2 + 5)
9
-2 + 14 + (-11 - (-2 - 7))
10
What is the value of 5 + -1 + 242 + -247?
-1
-31 + 4 + 15 - -13
1
Evaluate -7 + (-7 - -2) + -1 + 21.
8
What is 1 + (0 - 2) - (9 - (2 + 8))?
0
(3 + 1 - 11) + 44 + -54
-17
What is 916 - 907 - (2 + (-2 - -24))?
-15
Calculate 8 + 14 + -8 + -12.
2
What is -18 + -18 + 24 - -1?
-11
Calculate (1 - -6 - (3 + -1)) + (619 - 633).
-9
-11 + 0 + 2 - (-1 - 14 - -14)
-8
2 - (36 + -29 - (22 + -4 + -2))
11
What is the value of -33 + 33 + -5 + -24?
-29
What is the value of 0 + 5 - (-122 - -129) - -2?
0
What is the value of -5 + -31 + (8 - -14)?
-14
(-5 - -11) + -13 + 18
11
What is (1 + 1 + -2 - -1) + (21 - 22)?
0
What is the value of (26 - 5) + -29 - -20?
12
Evaluate -823 + 864 + -26 + 0.
15
Calculate 4 - 1 - -3 - (-11 - -2).
15
What is -1 + -49 + (-458 - -498)?
-10
What is the value of 3 - (1 - 0) - ((-12 - -40) + -29)?
3
Evaluate -1 + 8 - (1100 - 1099).
6
What is 26 + 6 + -26 - 10?
-4
-1 - 5 - -2 - (27 - (9 + 3))
-19
Evaluate (-2 - (-27 - -19)) + -3.
3
What is 10 - -7 - (-7 + 27)?
-3
What is the value of 0 - (4 + -5 + -3)?
4
What is 0 + -1 + 3 + -1 + 315 + -313?
3
Calculate (0 - (0 - -2) - (-98 + 101)) + -8.
-13
What is the value of (25 + -15 - 9) + -5?
-4
What is (-4 - -29) + (18 - 15 - 2)?
26
Calculate -2 + -9 + (12 - 14).
-13
Calculate 0 - 1 - (9 + -16 + 16 + -5).
-5
(15 - 3) + -22 + 6
-4
What is (19 - 17) + 1 + 0 + 7?
10
What is the value of -90 - -92 - (-8 - -5 - -18)?
-13
What is the value of -32 + -34 + 26 + 58?
18
8 - (7 + -8) - (4 - -5)
0
Evaluate -18 - (-8 + 3 - 1) - (0 - 3).
-9
What is the value of 19 + 13 - (-10 - -20)?
22
What is the value of 36 - (-18 + 55 + -24)?
23
(4 - (1 + -8 - -11)) + -2
-2
0 - 14 - (2 + 2 + 3 - 12)
-9
Calculate -4 + (28 - (-1 - -26)).
-1
(-6 - 1) + (9 - (9 - (-13 + 8)))
-12
What is (44 - 60) + 10 + (-2 - 1)?
-9
Calculate (1 - 2) + 10 + -7 + -14.
-12
What is -9 + 18 - 12 - 2?
-5
What is the value of (1 - ((0 - 2) + 2)) + (-24 - -30)?
7
What is the value of (20 - 14) + -1 + (-9 - -1)?
-3
What is the value of 2 + -10 + (3 - -12) + 7?
14
Calculate -434 + 427 - ((1 - -15) + 0).
-23
Evaluate 26 + (-56 - -10) + 32.
12
Calculate -13 + (48 - (48 - 27)).
14
What is (15 - 9) + -3 + 2 + -4 + -1?
0
What is the value of (-78 + 75 - (15 + (0 - -4))) + 12?
-10
0 + 3 - (16 - (-1 - (-12 - -8)))
-10
Calculate (6 - (-15 + 22)) + -7 + 15.
7
What is the value of 10 - 2 - (-2 + 10 + -15)?
15
What is the value of 2 - (-9 + 1) - (322 - 325)?
13
Evaluate -21 + (19 - 8) + (-7 - -40).
23
(1 - -2) + (-11 - (-15 - 0))
7
Evaluate -4 - ((-6 - -7 - -5) + -1).
-9
Calculate 6 - -1 - (-23 - -23 - 5).
12
5 + -6 - (-5 + -25 + 15)
14
What is 3 - 28 - (-14 + (-7 - (-20 - -4)))?
-20
What is (-4 - (9 + 1 + -2)) + -3 + 7?
-8
Calculate 173 + -164 + -1 + -14.
-6
2 + (1 + -2 + 8 - 7 - -1)
3
What is the value of 16 - 7 - (-6 + 35 + -5)?
-15
What is ((7 - 4) + -2 - 11) + (6 - 2)?
-6
What is -9 + 1 + (-117 - -52 - -49)?
-24
Evaluate -33 + -3 + 2 + -1 + 16.
-19
Calculate (-26 - (10 - 35)) + (29 - (7 - 3)).
24
Calculate -42 - -27 - (1 - 6).
-10
Evaluate 63 + -66 + -11 + -1 + 3.
-12
What is the value of 16 - 21 - (-1 + -4 - -1) - 17?
-18
What is 6 + 9 + -11 - 2?
2
Evaluate 8 + -26 + (12 - (-1 + 5)).
-10
What is the value of 7 + (-7 - (-10 - -5) - 11)?
-6
What is the value of (-39 - -29) + 60 - (14 + -2 + 0)?
38
17 + (-8 - (1 + -1 + -4) - 4)
9
Evaluate 1 + 1 + -12 + (16 - (10 + 3)).
-7
What is the value of 12 + -1 - ((-3 - -6) + -5)?
13
What is the value of 25 + 3 - 38 - (10 + -3)?
-17
What is 7 - (23 + -27) - 8 - (1 + -30)?
32
What is the value of 41 + -27 + (-7 - 1 - (0 - 2))?
8
Calculate (-26 - -10) + -10 + 13 + (-6 - -2).
-17
Calculate 0 + 0 - (-4 + 7) - (13 - 4).
-12
-18 - (-7 + (6 - -1 - (28 + -31)))
-21
Evaluate (-18 - -1) + -524 + 515.
-26
Evaluate 1 - (1 + -13 + 8 - (0 - 6)).
-1
-4 + (0 - (2 + -1)) + -134 + 135
-4
(-2 - (-18 + 10)) + -22 - -4
-12
What is the value of 3 + (-1 + 4 - (4 - -1) - 12)?
-11
Calculate 1 - 4 - (9 + (-13 - 4) + 8).
-3
Calculate -6 + -14 + 20 - 19.
-19
-1 - -10 - (-2 - -2 - (-239 + 223))
-7
What is the value of 7 + -7 + -8 + -5 - -30?
17
What is (-2 - 5) + (5 - ((5 - 1) + 5))?
-11
-1184 + 1183 + (36 - 1)
34
What is -5 - (6 + 11 - (-7 - -21))?
-8
What is 8 - (52 + -19 - 26 - (-1 - -6))?
6
(8 - 16) + (0 - (0 - (-9 - 2)))
-19
Evaluate -11 + (24 - 13) + 4.
4
What is the value of 8 - (-15 + 3 + 15 + -2)?
7
What is the value of (-357 - -355) + (0 - -9)?
7
-4 - (-10 + (10 - -37 - 1) + -7)
-33
7 - 0 - ((-14 - -28) + -10)
3
Calculate -1 + 0 - 7 - (45 + -63 + 26).
-16
What is the value of (-8 - -11 - -8) + -11 + -2?
-2
What is (1 - 29) + (52 - 38) - -9?
-5
1 + 13 - (43 + (27 - 51))
-5
-18 + (14 - (-5 - -3)) + -10
-12
1285 + -1273 + (-3 - -1)
10
Calculate (26 - (26 + -14)) + -12.
2
What is 30 + (-13 - 21) + 2